s divided by 26.
25
What is the remainder when 54577 is divided by 1474?
39
Calculate the remainder when 899 is divided by 809.
90
What is the remainder when 9224 is divided by 1821?
119
Calculate the remainder when 292433 is divided by 409.
407
Calculate the remainder when 274738 is divided by 70.
58
Calculate the remainder when 764120 is divided by 382060.
0
What is the remainder when 870425 is divided by 37?
0
What is the remainder when 460692 is divided by 55?
12
Calculate the remainder when 4245 is divided by 251.
229
Calculate the remainder when 88289 is divided by 139.
24
Calculate the remainder when 2973 is divided by 371.
5
What is the remainder when 103518 is divided by 452?
10
What is the remainder when 118920 is divided by 118906?
14
Calculate the remainder when 13853 is divided by 322.
7
What is the remainder when 1056365 is divided by 7?
2
What is the remainder when 45182 is divided by 46?
10
Calculate the remainder when 57709 is divided by 1031.
1004
Calculate the remainder when 170043 is divided by 52.
3
What is the remainder when 19709 is divided by 1640?
29
Calculate the remainder when 19253 is divided by 8650.
1953
What is the remainder when 178534 is divided by 346?
344
Calculate the remainder when 842 is divided by 264.
50
Calculate the remainder when 25335 is divided by 242.
167
What is the remainder when 129491 is divided by 382?
375
Calculate the remainder when 19822 is divided by 6599.
25
What is the remainder when 16818 is divided by 983?
107
Calculate the remainder when 1647775 is divided by 242.
239
What is the remainder when 288009 is divided by 144002?
5
Calculate the remainder when 534 is divided by 91.
79
Calculate the remainder when 317 is divided by 7.
2
Calculate the remainder when 8431 is divided by 2773.
112
Calculate the remainder when 701 is divided by 73.
44
What is the remainder when 1205 is divided by 277?
97
What is the remainder when 39644 is divided by 6601?
38
Calculate the remainder when 7688 is divided by 3838.
12
What is the remainder when 1935 is divided by 1243?
692
What is the remainder when 1765 is divided by 1508?
257
Calculate the remainder when 593109 is divided by 1603.
1602
Calculate the remainder when 15232 is divided by 19.
13
What is the remainder when 165269 is divided by 20?
9
What is the remainder when 210 is divided by 95?
20
Calculate the remainder when 2284712 is divided by 236.
232
Calculate the remainder when 186980 is divided by 3399.
35
Calculate the remainder when 937 is divided by 274.
115
Calculate the remainder when 33723 is divided by 462.
459
What is the remainder when 88194 is divided by 4407?
54
What is the remainder when 803 is divided by 236?
95
Calculate the remainder when 3178217 is divided by 102.
101
Calculate the remainder when 7089 is divided by 787.
6
What is the remainder when 1345 is divided by 1345?
0
What is the remainder when 84997 is divided by 66?
55
What is the remainder when 273140 is divided by 93?
92
What is the remainder when 2387 is divided by 798?
791
What is the remainder when 19894 is divided by 201?
196
What is the remainder when 1648 is divided by 95?
33
Calculate the remainder when 164907 is divided by 665.
652
What is the remainder when 5338 is divided by 4138?
1200
What is the remainder when 1385902 is divided by 78?
76
What is the remainder when 35999 is divided by 9?
8
What is the remainder when 289413 is divided by 1144?
1125
What is the remainder when 82618 is divided by 204?
202
What is the remainder when 8068 is divided by 30?
28
Calculate the remainder when 20872 is divided by 14.
12
Calculate the remainder when 860465 is divided by 79.
76
Calculate the remainder when 35481 is divided by 11743.
252
What is the remainder when 108532 is divided by 130?
112
Calculate the remainder when 30307 is divided by 66.
13
Calculate the remainder when 5086 is divided by 96.
94
Calculate the remainder when 177302 is divided by 29.
25
What is the remainder when 13536 is divided by 4511?
3
What is the remainder when 1582 is divided by 2?
0
What is the remainder when 2046 is divided by 48?
30
Calculate the remainder when 558319 is divided by 10.
9
Calculate the remainder when 29875 is divided by 28.
27
Calculate the remainder when 41160 is divided by 332.
324
What is the remainder when 20161 is divided by 20?
1
Calculate the remainder when 36501 is divided by 913.
894
Calculate the remainder when 16534 is divided by 5110.
1204
Calculate the remainder when 47384 is divided by 1632.
56
What is the remainder when 167863 is divided by 13?
7
What is the remainder when 10638 is divided by 28?
26
What is the remainder when 1129 is divided by 503?
123
Calculate the remainder when 151865 is divided by 34.
21
Calculate the remainder when 267070 is divided by 104.
102
What is the remainder when 3743 is divided by 878?
231
Calculate the remainder when 56809 is divided by 258.
49
Calculate the remainder when 1032 is divided by 134.
94
Calculate the remainder when 21262 is divided by 2359.
31
Calculate the remainder when 24009 is divided by 14.
13
What is the remainder when 12474 is divided by 12468?
6
Calculate the remainder when 13073 is divided by 568.
9
What is the remainder when 88819 is divided by 241?
131
Calculate the remainder when 2274920 is divided by 1089.
1088
Calculate the remainder when 3255 is divided by 328.
303
Calculate the remainder when 129010 is divided by 128998.
12
Calculate the remainder when 219962 is divided by 1732.
1730
What is the remainder when 32122 is divided by 1338?
10
What is the remainder when 3172007 is divided by 1106?
1105
Calculate the remainder when 214055 is divided by 30578.
9
Calculate the remainder when 2921 is divided by 825.
446
What is the remainder when 51052 is divided by 151?
14
What is the remainder when 1357893 is divided by 56?
5
What is the remainder when 20369 is divided by 129?
116
What is the remainder when 4613 is divided by 4382?
231
Calculate the remainder when 1338 is divided by 97.
77
Calculate the remainder when 7053 is divided by 414.
15
What is the remainder when 2430 is divided by 152?
150
What is the remainder when 4165 is divided by 301?
252
Calculate the remainder when 41498 is divided by 200.
98
Calculate the remainder when 600848 is divided by 305.
303
What is the remainder when 89828 is divided by 22443?
56
What is the remainder when 30418 is divided by 473?
146
What is the remainder when 23595 is divided by 17?
16
What is the remainder when 62686 is divided by 4179?
1
What is the remainder when 43240 is divided by 786?
10
Calculate the remainder when 22381 is divided by 35.
16
Calculate the remainder when 27190 is divided by 9063.
1
Calculate the remainder when 13809 is divided by 3442.
41
Calculate the remainder when 122830 is divided by 30705.
10
Calculate the remainder when 23031 is divided by 349.
346
What is the remainder when 6656 is divided by 18?
14
What is the remainder when 396279 is divided by 20?
19
Calculate the remainder when 1041811 is divided by 260.
251
Calculate the remainder when 7142519 is divided by 1320.
1319
Calculate the remainder when 171442 is divided by 7.
5
Calculate the remainder when 4192 is divided by 120.
112
Calculate the remainder when 41166 is divided by 9.
0
What is the remainder when 3673 is divided by 749?
677
Calculate the remainder when 121157 is divided by 260.
257
Calculate the remainder when 207741 is divided by 497.
492
What is the remainder when 9289 is divided by 545?
24
Calculate the remainder when 568 is divided by 483.
85
What is the remainder when 26897 is divided by 118?
111
What is the remainder when 373209 is divided by 186602?
5
Calculate the remainder when 13989367 is divided by 232.
231
Calculate the remainder when 337554 is divided by 1026.
0
What is the remainder when 22154 is divided by 43?
9
Calculate the remainder when 224840 is divided by 20.
0
Calculate the remainder when 23253 is divided by 1009.
46
What is the remainder when 9658 is divided by 9?
1
What is the remainder when 650196 is divided by 94?
92
Calculate the remainder when 13753 is divided by 473.
36
What is the remainder when 276585 is divided by 351?
348
Calculate the remainder when 12292 is divided by 60.
52
What is the remainder when 13285 is divided by 48?